{"id":113,"date":"2025-07-02T10:08:27","date_gmt":"2025-07-02T08:08:27","guid":{"rendered":"https:\/\/new.pcc.ro\/?page_id=113"},"modified":"2025-07-02T21:22:52","modified_gmt":"2025-07-02T19:22:52","slug":"contact","status":"publish","type":"page","link":"https:\/\/new.pcc.ro\/index.php\/contact\/","title":{"rendered":"Contact"},"content":{"rendered":"\n<h1 class=\"wp-block-heading\">Date \u0219i moadalit\u0103\u021bi de contact<\/h1>\n\n\n\n<div class=\"wp-block-columns is-layout-flex wp-container-core-columns-is-layout-28f84493 wp-block-columns-is-layout-flex\">\n<div class=\"wp-block-column is-layout-flow wp-block-column-is-layout-flow\">\n<div class=\"wp-block-group is-layout-constrained wp-block-group-is-layout-constrained\">\n<div class=\"wp-block-group is-layout-constrained wp-block-group-is-layout-constrained\">\n<h2 class=\"wp-block-heading\">Acces on-line prin ConectX<\/h2>\n\n\n\n<p>Platforma pentru comunicare cu prim\u0103ria este <a href=\"https:\/\/www.conectx.net\/\" data-type=\"link\" data-id=\"https:\/\/www.conectx.net\/\" target=\"_blank\" rel=\"noreferrer noopener\"><strong style=\"font-size: 1.25em;\">ConectX<\/strong><\/a> \u0219i v\u0103 pute\u021bi face cont gratuit urm\u00e2nd instruc\u021biunile din <a href=\"https:\/\/www.youtube.com\/watch?v=hscrvFYlejQ\">acest tutorial video<\/a>, at\u00e2t pentru <strong>Persoane fizice<\/strong> c\u00e2t \u0219i pentru<strong> Persoane juridice<\/strong>.<\/p>\n<\/div>\n\n\n\n<div style=\"height:24px\" aria-hidden=\"true\" class=\"wp-block-spacer\"><\/div>\n\n\n\n<div class=\"wp-block-group is-layout-constrained wp-block-group-is-layout-constrained\">\n<h2 class=\"wp-block-heading\">Audien\u021be la Primar, Viceprimar<\/h2>\n\n\n\n<p>Programarea unei audien\u021be se face prin intermediul&nbsp;<br>aplica\u021biei <strong>ConectX<\/strong>.&nbsp;<\/p>\n\n\n\n<p>Dac\u0103 nu ave\u021bi cont online pute\u021bi s\u0103 o face\u021bi:<\/p>\n\n\n\n<ul class=\"wp-block-list\">\n<li>cu un apel telefonic la <strong>Registratur\u0103<\/strong><br>\u00een timpul programului de lucru cu publicul, sau<\/li>\n\n\n\n<li>trimi\u021b\u00e2nd un email la <strong><a href=\"mailto:info@pcc.ro\" target=\"_blank\" rel=\"noopener\">info@pcc.ro<\/a>.<\/strong><\/li>\n<\/ul>\n<\/div>\n\n\n\n<div style=\"height:24px\" aria-hidden=\"true\" class=\"wp-block-spacer\"><\/div>\n\n\n\n<div class=\"wp-block-group is-layout-constrained wp-block-group-is-layout-constrained\">\n<h2 class=\"wp-block-heading\">Ave\u021bi de f\u0103cut o sesizare?<\/h2>\n\n\n\n<p>Folosi\u021bi aplica\u021bia&nbsp;<a title=\"Infocor\" href=\"https:\/\/primariacorbeanca.ro\/infocor-aplicatia-smart-city-pentru-comuna-corbeanca\/\" target=\"_blank\" rel=\"noopener\"><strong style=\"font-size: 1.25em;\">Infocor<\/strong><\/a>, de tip SmartCity, pentru a face sesiz\u0103ri legate de cur\u0103\u021benie, disfunc\u021bionalit\u0103\u021bi, etc.<br>Pute\u021bi s\u0103 o instala\u021bi pe telefoane mobile de aici:<\/p>\n\n\n\n<div class=\"wp-block-group is-content-justification-left is-nowrap is-layout-flex wp-container-core-group-is-layout-ac94cf5b wp-block-group-is-layout-flex\" style=\"padding-right:var(--wp--preset--spacing--40);padding-left:var(--wp--preset--spacing--40);box-shadow:none\">\n<figure class=\"wp-block-image size-large\" style=\"margin-top:0;margin-right:0;margin-bottom:0;margin-left:0\"><a href=\"https:\/\/apple.co\/3zXr9yL\"><img loading=\"lazy\" decoding=\"async\" width=\"120\" height=\"40\" src=\"https:\/\/new.pcc.ro\/wp-content\/uploads\/btn-download-on-the-apple-app-store.svg\" alt=\"\" class=\"wp-image-136\" style=\"box-shadow:none;object-fit:cover\"\/><\/a><\/figure>\n\n\n\n<figure class=\"wp-block-image size-large\" style=\"margin-right:0;margin-left:0\"><a href=\"https:\/\/bit.ly\/infocorandroid\"><img loading=\"lazy\" decoding=\"async\" width=\"120\" height=\"40\" src=\"https:\/\/new.pcc.ro\/wp-content\/uploads\/btn-get-it-on-google-play.svg\" alt=\"\" class=\"wp-image-137\" style=\"box-shadow:none;object-fit:cover\"\/><\/a><\/figure>\n<\/div>\n<\/div>\n<\/div>\n<\/div>\n\n\n\n<div class=\"wp-block-column is-layout-flow wp-block-column-is-layout-flow\">\n<div class=\"wp-block-group is-layout-constrained wp-block-group-is-layout-constrained\">\n<h2 class=\"wp-block-heading\">Telefon: <a href=\"tel:0219991\">021-9991<\/a><\/h2>\n\n\n\n<p>Acest num\u0103r deserve\u0219te at\u00e2t Prim\u0103ria, Poli\u021bia Local\u0103 \u0219i \u0218coala Gimnazial\u0103 Nr. 2 Tama\u0219i\u2013Corbeanca. \u00cen func\u021bie de serviciul dorit, tasta\u021bi num\u0103rul corespunz\u0103tor:<\/p>\n\n\n\n<div class=\"wp-block-group is-layout-grid wp-container-core-group-is-layout-988b637e wp-block-group-is-layout-grid\">\n<div class=\"wp-block-group has-ast-global-color-5-background-color has-background is-layout-constrained wp-container-core-group-is-layout-e96c5c13 wp-block-group-is-layout-constrained\" style=\"margin-top:0;margin-bottom:0;padding-top:var(--wp--preset--spacing--20);padding-bottom:var(--wp--preset--spacing--20)\">\n<h2 class=\"wp-block-heading has-text-align-center has-large-font-size\"><a href=\"tel:0219991;1\">1<\/a><\/h2>\n\n\n\n<p class=\"has-text-align-center\" style=\"font-size:12px;font-style:normal;font-weight:400\">Registratur\u0103<\/p>\n<\/div>\n\n\n\n<div class=\"wp-block-group has-ast-global-color-5-background-color has-background is-layout-constrained wp-container-core-group-is-layout-e96c5c13 wp-block-group-is-layout-constrained\" style=\"margin-top:0;margin-bottom:0;padding-top:var(--wp--preset--spacing--20);padding-bottom:var(--wp--preset--spacing--20)\">\n<h2 class=\"wp-block-heading has-text-align-center has-large-font-size\"><a href=\"tel:0219991;2\">2<\/a><\/h2>\n\n\n\n<p class=\"has-text-align-center\" style=\"font-size:12px;font-style:normal;font-weight:400\">Impozite<br>\u0219i Taxe<\/p>\n<\/div>\n\n\n\n<div class=\"wp-block-group has-ast-global-color-5-background-color has-background is-layout-constrained wp-container-core-group-is-layout-e96c5c13 wp-block-group-is-layout-constrained\" style=\"margin-top:0;margin-bottom:0;padding-top:var(--wp--preset--spacing--20);padding-bottom:var(--wp--preset--spacing--20)\">\n<h2 class=\"wp-block-heading has-text-align-center has-large-font-size\"><a href=\"tel:0219991;3\">3<\/a><\/h2>\n\n\n\n<p class=\"has-text-align-center\" style=\"font-size:12px;font-style:normal;font-weight:400\">Urbanism<\/p>\n<\/div>\n\n\n\n<div class=\"wp-block-group has-ast-global-color-5-background-color has-background is-layout-constrained wp-container-core-group-is-layout-e96c5c13 wp-block-group-is-layout-constrained\" style=\"margin-top:0;margin-bottom:0;padding-top:var(--wp--preset--spacing--20);padding-bottom:var(--wp--preset--spacing--20)\">\n<h2 class=\"wp-block-heading has-text-align-center has-large-font-size\"><a href=\"tel:0219991;4\">4<\/a><\/h2>\n\n\n\n<p class=\"has-text-align-center\" style=\"font-size:12px;font-style:normal;font-weight:400\">Registru <br>Agricol<\/p>\n<\/div>\n\n\n\n<div class=\"wp-block-group has-ast-global-color-5-background-color has-background is-layout-constrained wp-container-core-group-is-layout-e96c5c13 wp-block-group-is-layout-constrained\" style=\"margin-top:0;margin-bottom:0;padding-top:var(--wp--preset--spacing--20);padding-bottom:var(--wp--preset--spacing--20)\">\n<h2 class=\"wp-block-heading has-text-align-center has-large-font-size\"><a href=\"tel:0219991;5\">5<\/a><\/h2>\n\n\n\n<p class=\"has-text-align-center\" style=\"font-size:12px;font-style:normal;font-weight:400\">Poli\u021bia <br>Local\u0103<\/p>\n<\/div>\n\n\n\n<div class=\"wp-block-group has-ast-global-color-5-background-color has-background is-layout-constrained wp-container-core-group-is-layout-e96c5c13 wp-block-group-is-layout-constrained\" style=\"margin-top:0;margin-bottom:0;padding-top:var(--wp--preset--spacing--20);padding-bottom:var(--wp--preset--spacing--20)\">\n<h2 class=\"wp-block-heading has-text-align-center has-large-font-size\"><a href=\"tel:0219991;6\">6<\/a><\/h2>\n\n\n\n<p class=\"has-text-align-center\" style=\"font-size:12px;font-style:normal;font-weight:400\">Achizi\u021bii <br>Publice<\/p>\n<\/div>\n\n\n\n<div class=\"wp-block-group has-ast-global-color-5-background-color has-background is-layout-constrained wp-container-core-group-is-layout-e96c5c13 wp-block-group-is-layout-constrained\" style=\"margin-top:0;margin-bottom:0;padding-top:var(--wp--preset--spacing--20);padding-bottom:var(--wp--preset--spacing--20)\">\n<h2 class=\"wp-block-heading has-text-align-center has-large-font-size\"><a href=\"tel:0219991;7\">7<\/a><\/h2>\n\n\n\n<p class=\"has-text-align-center\" style=\"font-size:12px;font-style:normal;font-weight:400\">Financiar-Contabilitate<\/p>\n<\/div>\n\n\n\n<div class=\"wp-block-group has-ast-global-color-5-background-color has-background is-layout-constrained wp-container-core-group-is-layout-e96c5c13 wp-block-group-is-layout-constrained\" style=\"margin-top:0;margin-bottom:0;padding-top:var(--wp--preset--spacing--20);padding-bottom:var(--wp--preset--spacing--20)\">\n<h2 class=\"wp-block-heading has-text-align-center has-large-font-size\"><a href=\"tel:0219991;8\">8<\/a><\/h2>\n\n\n\n<p class=\"has-text-align-center\" style=\"font-size:12px;font-style:normal;font-weight:400\">Eviden\u021ba <br>Popula\u021biei<\/p>\n<\/div>\n\n\n\n<div class=\"wp-block-group has-ast-global-color-5-background-color has-background is-layout-constrained wp-container-core-group-is-layout-e96c5c13 wp-block-group-is-layout-constrained\" style=\"margin-top:0;margin-bottom:0;padding-top:var(--wp--preset--spacing--20);padding-bottom:var(--wp--preset--spacing--20)\">\n<h2 class=\"wp-block-heading has-text-align-center has-large-font-size\"><a href=\"tel:0219991;9\">9<\/a><\/h2>\n\n\n\n<p class=\"has-text-align-center\" style=\"font-size:12px;font-style:normal;font-weight:400\">Starea <br>Civil\u0103<\/p>\n<\/div>\n\n\n\n<div class=\"wp-block-group has-ast-global-color-5-background-color has-background is-layout-constrained wp-container-core-group-is-layout-e96c5c13 wp-block-group-is-layout-constrained\" style=\"margin-top:0;margin-bottom:0;padding-top:var(--wp--preset--spacing--20);padding-bottom:var(--wp--preset--spacing--20)\">\n<h2 class=\"wp-block-heading has-text-align-center has-large-font-size\"><a href=\"tel:0219991;10\">10<\/a><\/h2>\n\n\n\n<p class=\"has-text-align-center\" style=\"font-size:12px;font-style:normal;font-weight:400\">\u0218coal\u0103<\/p>\n<\/div>\n\n\n\n<div class=\"wp-block-group has-ast-global-color-5-background-color has-background is-layout-constrained wp-container-core-group-is-layout-e96c5c13 wp-block-group-is-layout-constrained\" style=\"margin-top:0;margin-bottom:0;padding-top:var(--wp--preset--spacing--20);padding-bottom:var(--wp--preset--spacing--20)\">\n<h2 class=\"wp-block-heading has-text-align-center has-large-font-size\"><a href=\"tel:0219991;11\">11<\/a><\/h2>\n\n\n\n<p class=\"has-text-align-center\" style=\"font-size:12px;font-style:normal;font-weight:400\">Protec\u021bie <br>Civil\u0103<\/p>\n<\/div>\n\n\n\n<div class=\"wp-block-group has-ast-global-color-5-background-color has-background is-layout-constrained wp-container-core-group-is-layout-e96c5c13 wp-block-group-is-layout-constrained\" style=\"margin-top:0;margin-bottom:0;padding-top:var(--wp--preset--spacing--20);padding-bottom:var(--wp--preset--spacing--20)\">\n<h2 class=\"wp-block-heading has-text-align-center has-large-font-size\"><a href=\"tel:0219991;12\">12<\/a><\/h2>\n\n\n\n<p class=\"has-text-align-center\" style=\"font-size:12px;font-style:normal;font-weight:400\">Asisten\u021b\u0103 <br>Social\u0103<\/p>\n<\/div>\n\n\n\n<div class=\"wp-block-group has-ast-global-color-5-background-color has-background is-layout-constrained wp-container-core-group-is-layout-e96c5c13 wp-block-group-is-layout-constrained\" style=\"margin-top:0;margin-bottom:0;padding-top:var(--wp--preset--spacing--20);padding-bottom:var(--wp--preset--spacing--20)\">\n<h2 class=\"wp-block-heading has-text-align-center has-large-font-size\"><a href=\"tel:0219991;13\">13<\/a><\/h2>\n\n\n\n<p class=\"has-text-align-center\" style=\"font-size:12px;font-style:normal;font-weight:400\">Resurse <br>Umane<\/p>\n<\/div>\n\n\n\n<div class=\"wp-block-group has-ast-global-color-5-background-color has-background is-layout-constrained wp-container-core-group-is-layout-e96c5c13 wp-block-group-is-layout-constrained\" style=\"margin-top:0;margin-bottom:0;padding-top:var(--wp--preset--spacing--20);padding-bottom:var(--wp--preset--spacing--20)\">\n<h2 class=\"wp-block-heading has-text-align-center has-large-font-size\"><a href=\"tel:0219991;14\">14<\/a><\/h2>\n\n\n\n<p class=\"has-text-align-center\" style=\"font-size:12px;font-style:normal;font-weight:400\">Acte <br>Administrative<\/p>\n<\/div>\n\n\n\n<div class=\"wp-block-group has-ast-global-color-5-background-color has-background is-layout-constrained wp-container-core-group-is-layout-e96c5c13 wp-block-group-is-layout-constrained\" style=\"margin-top:0;margin-bottom:0;padding-top:var(--wp--preset--spacing--20);padding-bottom:var(--wp--preset--spacing--20)\">\n<h2 class=\"wp-block-heading has-text-align-center has-large-font-size\"><a href=\"tel:0219991;15\">15<\/a><\/h2>\n\n\n\n<p class=\"has-text-align-center\" style=\"font-size:12px;font-style:normal;font-weight:400\">Casierie<\/p>\n<\/div>\n<\/div>\n\n\n\n<h2 class=\"wp-block-heading\">Fax: <a href=\"tel:0215550968\">021-555.09.68<\/a><\/h2>\n<\/div>\n<\/div>\n<\/div>\n\n\n\n<hr \/>\n\n\n\n<h1 class=\"wp-block-heading\">Program cu publicul:<\/h1>\n\n\n\n<div class=\"wp-block-columns is-layout-flex wp-container-core-columns-is-layout-28f84493 wp-block-columns-is-layout-flex\">\n<div class=\"wp-block-column is-layout-flow wp-block-column-is-layout-flow\">\n<div class=\"wp-block-group is-layout-constrained wp-block-group-is-layout-constrained\">\n<h3 class=\"wp-block-heading has-medium-font-size\" style=\"font-style:normal;font-weight:700\">Registratur\u0103<\/h3>\n\n\n\n<p>Luni &#8211; Joi: 08:00-16:30<br>Vineri: 08:00-14:00<\/p>\n<\/div>\n<\/div>\n\n\n\n<div class=\"wp-block-column is-layout-flow wp-block-column-is-layout-flow\">\n<div class=\"wp-block-group is-layout-constrained wp-block-group-is-layout-constrained\">\n<h3 class=\"wp-block-heading has-medium-font-size\" style=\"font-style:normal;font-weight:700\">Birou de Urbanism<\/h3>\n\n\n\n<p>Mar\u021bi: 10:00-14:00<br>Joi: 10:00-14:00<\/p>\n<\/div>\n<\/div>\n<\/div>\n\n\n\n<div class=\"wp-block-columns is-layout-flex wp-container-core-columns-is-layout-28f84493 wp-block-columns-is-layout-flex\">\n<div class=\"wp-block-column is-layout-flow wp-block-column-is-layout-flow\">\n<div class=\"wp-block-group is-layout-constrained wp-block-group-is-layout-constrained\">\n<h3 class=\"wp-block-heading has-medium-font-size\" style=\"font-style:normal;font-weight:700\">Birou Taxe \u0219i Impozite<\/h3>\n\n\n\n<p>Mar\u021bi: 10:00-14:00<br>Joi: 10:00-14:00<\/p>\n<\/div>\n<\/div>\n\n\n\n<div class=\"wp-block-column is-layout-flow wp-block-column-is-layout-flow\">\n<div class=\"wp-block-group is-layout-constrained wp-block-group-is-layout-constrained\">\n<h3 class=\"wp-block-heading has-medium-font-size\" style=\"font-style:normal;font-weight:700\">Program Casierie<\/h3>\n\n\n\n<p>Luni &#8211; Joi: 08:00-11:00; 12:00-16:00<br>Vineri: 08:00-11:00; 12:00-14:00<\/p>\n<\/div>\n<\/div>\n<\/div>\n\n\n\n<div class=\"wp-block-columns is-layout-flex wp-container-core-columns-is-layout-28f84493 wp-block-columns-is-layout-flex\">\n<div class=\"wp-block-column is-layout-flow wp-block-column-is-layout-flow\">\n<div class=\"wp-block-group is-layout-constrained wp-block-group-is-layout-constrained\">\n<h2 class=\"wp-block-heading has-medium-font-size\" style=\"font-style:normal;font-weight:700\">Eviden\u021ba Persoane<\/h2>\n\n\n\n<p>Luni, Miercuri \u0219i Joi: 09.00-13.30 &#8211; depuneri solicit\u0103ri c\u0103r\u021bi electronice de identitate (CEI)<br><br>Mar\u021bi: 09:00 &#8211; 12:30 &#8211; depuneri solicit\u0103ri eliber\u0103ri carti de indentitate (CI, CIS, CIP);<br> 13:00 \u2013 18:00 &#8211; depuneri solicit\u0103ri c\u0103r\u021bi electronice de identitate (CEI)<br><br>Vineri: 09.00-12.00 &#8211; depuneri solicit\u0103ri eliber\u0103ri carti de indentitate (CI, CIS, CIP), men\u021biuni privind stabilirea re\u0219edin\u021bei \u0219i alte tipuri de solicit\u0103ri.<\/p>\n<\/div>\n<\/div>\n\n\n\n<div class=\"wp-block-column is-layout-flow wp-block-column-is-layout-flow\">\n<div class=\"wp-block-group is-layout-constrained wp-block-group-is-layout-constrained\">\n<h2 class=\"wp-block-heading has-medium-font-size\" style=\"font-style:normal;font-weight:700\">Starea Civil\u0103<\/h2>\n\n\n\n<p>Luni \u2013 Vineri: 09:00-13:30<br><br>Luni \u2013 Joi: 13:30-15:30 \u2013 preluare date c\u0103s\u0103torie<br><br>Luni \u2013 Vineri: 08.30-14:00 \u2013 declarare decese<br><br>S\u00e2mb\u0103t\u0103: 09:00-11:00 \u2013 declarare decese cu programare telefonic\u0103<br><\/p>\n<\/div>\n<\/div>\n<\/div>\n\n\n\n<hr \/>\n\n\n\n<h2 class=\"wp-block-heading\">Adresa Prim\u0103riei:<\/h2>\n\n\n\n<h4 class=\"wp-block-heading\">Str. Independen\u021bei nr. 14, Corbeanca, 077065, Jud. Ilfov, Rom\u00e2nia.<br><br><\/h4>\n","protected":false},"excerpt":{"rendered":"<p>Date \u0219i moadalit\u0103\u021bi de contact Acces on-line prin ConectX Platforma pentru comunicare cu prim\u0103ria este ConectX \u0219i v\u0103 pute\u021bi face cont gratuit urm\u00e2nd instruc\u021biunile din acest tutorial video, at\u00e2t pentru Persoane fizice c\u00e2t \u0219i pentru Persoane juridice. Audien\u021be la Primar, Viceprimar Programarea unei audien\u021be se face prin intermediul&nbsp;aplica\u021biei ConectX.&nbsp; Dac\u0103 nu ave\u021bi cont online pute\u021bi [&hellip;]<\/p>\n","protected":false},"author":1,"featured_media":0,"parent":0,"menu_order":0,"comment_status":"closed","ping_status":"closed","template":"","meta":{"inline_featured_image":false,"site-sidebar-layout":"default","site-content-layout":"","ast-site-content-layout":"normal-width-container","site-content-style":"boxed","site-sidebar-style":"default","ast-global-header-display":"","ast-banner-title-visibility":"","ast-main-header-display":"","ast-hfb-above-header-display":"","ast-hfb-below-header-display":"","ast-hfb-mobile-header-display":"","site-post-title":"disabled","ast-breadcrumbs-content":"","ast-featured-img":"","footer-sml-layout":"","theme-transparent-header-meta":"","adv-header-id-meta":"","stick-header-meta":"","header-above-stick-meta":"","header-main-stick-meta":"","header-below-stick-meta":"","astra-migrate-meta-layouts":"default","ast-page-background-enabled":"default","ast-page-background-meta":{"desktop":{"background-color":"var(--ast-global-color-5)","background-image":"","background-repeat":"repeat","background-position":"center center","background-size":"auto","background-attachment":"scroll","background-type":"","background-media":"","overlay-type":"","overlay-color":"","overlay-opacity":"","overlay-gradient":""},"tablet":{"background-color":"","background-image":"","background-repeat":"repeat","background-position":"center center","background-size":"auto","background-attachment":"scroll","background-type":"","background-media":"","overlay-type":"","overlay-color":"","overlay-opacity":"","overlay-gradient":""},"mobile":{"background-color":"","background-image":"","background-repeat":"repeat","background-position":"center center","background-size":"auto","background-attachment":"scroll","background-type":"","background-media":"","overlay-type":"","overlay-color":"","overlay-opacity":"","overlay-gradient":""}},"ast-content-background-meta":{"desktop":{"background-color":"var(--ast-global-color-4)","background-image":"","background-repeat":"repeat","background-position":"center center","background-size":"auto","background-attachment":"scroll","background-type":"","background-media":"","overlay-type":"","overlay-color":"","overlay-opacity":"","overlay-gradient":""},"tablet":{"background-color":"var(--ast-global-color-4)","background-image":"","background-repeat":"repeat","background-position":"center center","background-size":"auto","background-attachment":"scroll","background-type":"","background-media":"","overlay-type":"","overlay-color":"","overlay-opacity":"","overlay-gradient":""},"mobile":{"background-color":"var(--ast-global-color-4)","background-image":"","background-repeat":"repeat","background-position":"center center","background-size":"auto","background-attachment":"scroll","background-type":"","background-media":"","overlay-type":"","overlay-color":"","overlay-opacity":"","overlay-gradient":""}},"footnotes":""},"class_list":["post-113","page","type-page","status-publish","hentry"],"_links":{"self":[{"href":"https:\/\/new.pcc.ro\/index.php\/wp-json\/wp\/v2\/pages\/113","targetHints":{"allow":["GET"]}}],"collection":[{"href":"https:\/\/new.pcc.ro\/index.php\/wp-json\/wp\/v2\/pages"}],"about":[{"href":"https:\/\/new.pcc.ro\/index.php\/wp-json\/wp\/v2\/types\/page"}],"author":[{"embeddable":true,"href":"https:\/\/new.pcc.ro\/index.php\/wp-json\/wp\/v2\/users\/1"}],"replies":[{"embeddable":true,"href":"https:\/\/new.pcc.ro\/index.php\/wp-json\/wp\/v2\/comments?post=113"}],"version-history":[{"count":21,"href":"https:\/\/new.pcc.ro\/index.php\/wp-json\/wp\/v2\/pages\/113\/revisions"}],"predecessor-version":[{"id":279,"href":"https:\/\/new.pcc.ro\/index.php\/wp-json\/wp\/v2\/pages\/113\/revisions\/279"}],"wp:attachment":[{"href":"https:\/\/new.pcc.ro\/index.php\/wp-json\/wp\/v2\/media?parent=113"}],"curies":[{"name":"wp","href":"https:\/\/api.w.org\/{rel}","templated":true}]}}